{"id":2,"date":"2018-01-09T10:48:40","date_gmt":"2018-01-09T09:48:40","guid":{"rendered":"https:\/\/blog.unimc.it\/archivisticattiva\/?page_id=2"},"modified":"2018-01-09T10:48:40","modified_gmt":"2018-01-09T09:48:40","slug":"pagina-di-esempio","status":"publish","type":"page","link":"https:\/\/blog.unimc.it\/archivisticattiva\/pagina-di-esempio\/","title":{"rendered":"Chi siamo"},"content":{"rendered":"<p>Dopo una pima sperimentazione su Facebook e pi\u00f9 di 800 membri, il gruppo di Archivistica attiva prova ad espandersi ed andare oltre al social network.<\/p>\n<p><strong>Archivistica attiva<\/strong> (o archivisticattiva) <strong>nasce per tentare di sviluppare riflessioni che contribuiscano a risolvere la questione archivistica che si staglia contro il primo ventennio del millennio. <\/strong><img loading=\"lazy\" decoding=\"async\" class=\"aligncenter wp-image-63\" src=\"\/archivisticattiva\/wp-content\/uploads\/sites\/2\/2018\/01\/tag-cloud-chi-siamo-300x199.png\" alt=\"\" width=\"433\" height=\"287\" srcset=\"https:\/\/blog.unimc.it\/archivisticattiva\/wp-content\/uploads\/sites\/2\/2018\/01\/tag-cloud-chi-siamo-300x199.png 300w, https:\/\/blog.unimc.it\/archivisticattiva\/wp-content\/uploads\/sites\/2\/2018\/01\/tag-cloud-chi-siamo-1024x680.png 1024w, https:\/\/blog.unimc.it\/archivisticattiva\/wp-content\/uploads\/sites\/2\/2018\/01\/tag-cloud-chi-siamo-768x510.png 768w, https:\/\/blog.unimc.it\/archivisticattiva\/wp-content\/uploads\/sites\/2\/2018\/01\/tag-cloud-chi-siamo.png 1050w\" sizes=\"auto, (max-width: 433px) 100vw, 433px\" \/><\/p>\n<p>Con questa iniziativa si vuole vedere riconosciuto<strong> il ruolo sociale e civile degli archivi,<\/strong> andando oltre la dimensione squisitamente storica. Perch\u00e9 gli archivi sono strumenti di civilt\u00e0 e<b> l&#8217;archivistica \u00e8 passione civile.<\/b><\/p>\n<p><strong>Il gruppo Facebook era nato con l&#8217;intento di diventare un laboratorio di idee ma queste hanno bisogno di uno spazio pi\u00f9 stabile<\/strong>. Da qui il blog di Archivistica Attiva. Vogliamo dare spessore, non solo telematico, ai mille problemi dell&#8217;archivistica e trovare una sintesi efficace prima che ci si accorga che il gioco \u00e8 finito. <strong>Crediamo molto nella necessit\u00e0 di motivarci socialmente<\/strong> e di integrare le diverse componenti di questa realt\u00e0 a prescindere dal loro ruolo e dalle loro funzioni.<\/p>\n<p>Occorre insomma una <strong>nuova coscienza deontologica<\/strong> meno immemore del presente e del futuro. Questo approccio a nostro avviso sapr\u00e0 garantire anche il passato.<\/p>\n","protected":false},"excerpt":{"rendered":"<p>Dopo una pima sperimentazione su Facebook e pi\u00f9 di 800 membri, il gruppo di Archivistica attiva prova ad espandersi ed andare oltre al social network. Archivistica attiva (o archivisticattiva) nasce per tentare di sviluppare&#46;&#46;&#46;<\/p>\n","protected":false},"author":0,"featured_media":0,"parent":0,"menu_order":0,"comment_status":"closed","ping_status":"open","template":"","meta":{"footnotes":""},"class_list":["post-2","page","type-page","status-publish","hentry"],"_links":{"self":[{"href":"https:\/\/blog.unimc.it\/archivisticattiva\/wp-json\/wp\/v2\/pages\/2","targetHints":{"allow":["GET"]}}],"collection":[{"href":"https:\/\/blog.unimc.it\/archivisticattiva\/wp-json\/wp\/v2\/pages"}],"about":[{"href":"https:\/\/blog.unimc.it\/archivisticattiva\/wp-json\/wp\/v2\/types\/page"}],"replies":[{"embeddable":true,"href":"https:\/\/blog.unimc.it\/archivisticattiva\/wp-json\/wp\/v2\/comments?post=2"}],"version-history":[{"count":0,"href":"https:\/\/blog.unimc.it\/archivisticattiva\/wp-json\/wp\/v2\/pages\/2\/revisions"}],"wp:attachment":[{"href":"https:\/\/blog.unimc.it\/archivisticattiva\/wp-json\/wp\/v2\/media?parent=2"}],"curies":[{"name":"wp","href":"https:\/\/api.w.org\/{rel}","templated":true}]}}